1765 divide 68811166?
False
Is 810908018 a multiple of 2517?
False
Does 517 divide 1755215?
True
Is 50799180 a multiple of 786?
True
Does 21 divide 4061870757?
True
Is 12 a factor of 237142836?
True
Is 13 a factor of 1057253678?
True
Is 2782 a factor of 76131161?
False
Is 175 a factor of 115617227?
False
Is 534 a factor of 58523196?
True
Does 22 divide 170354986?
False
Is 68594080 a multiple of 160?
True
Is 33 a factor of 39817582?
False
Is 649 a factor of 10780165?
False
Is 145006835 a multiple of 1679?
True
Is 59 a factor of 26973903?
False
Does 2246 divide 455792051?
False
Does 211 divide 30110090?
False
Does 73 divide 2090716314?
False
Is 73892096 a multiple of 13?
False
Does 757 divide 615620713?
False
Does 2743 divide 118178447?
False
Is 36 a factor of 96786180?
True
Is 216915880 a multiple of 766?
True
Does 28 divide 91280196?
True
Is 17719969 a multiple of 64?
False
Does 285 divide 155549295?
True
Is 100859 a multiple of 8?
False
Does 99 divide 14776581?
False
Is 1783 a factor of 2730632972?
False
Is 7105728 a multiple of 42?
True
Is 26520408 a multiple of 68?
True
Is 4 a factor of 267317010?
False
Is 383211820 a multiple of 24?
False
Does 437 divide 3506169?
False
Does 37 divide 19546286?
True
Is 1498 a factor of 403430874?
True
Is 116641320 a multiple of 89?
False
Does 214 divide 146918062?
True
Is 673 a factor of 342584986?
False
Is 15744002 a multiple of 9?
False
Is 71 a factor of 85651434?
False
Is 1682 a factor of 481431506?
False
Does 18 divide 1732337233?
False
Is 69969884 a multiple of 67?
False
Is 66484800 a multiple of 90?
True
Is 46971795 a multiple of 28?
False
Is 56385203 a multiple of 1981?
True
Is 4580376109 a multiple of 915?
False
Does 1743 divide 3095641524?
False
Is 3514 a factor of 4373260850?
True
Is 220128460 a multiple of 9?
False
Is 4700744400 a multiple of 12540?
True
Does 5 divide 732323952?
False
Is 36622462 a multiple of 25?
False
Is 101 a factor of 232961752?
True
Is 3052 a factor of 18474498?
False
Does 25 divide 7693273?
False
Is 112 a factor of 51809012?
False
Is 68669826 a multiple of 3216?
False
Is 58463280 a multiple of 120?
True
Is 4907 a factor of 929076501?
False
Is 17603811 a multiple of 27?
True
Is 7 a factor of 10920129?
False
Is 498719039 a multiple of 3731?
True
Is 12 a factor of 52557762?
False
Is 182068409 a multiple of 53?
True
Does 2004 divide 2663780928?
True
Is 5537 a factor of 460556586?
True
Is 6345216 a multiple of 687?
False
Does 10 divide 2430270?
True
Does 227 divide 3172636?
False
Is 349031068 a multiple of 4?
True
Is 1117 a factor of 218039517?
True
Is 9079902 a multiple of 26?
True
Is 726894058 a multiple of 34?
True
Is 2198430 a multiple of 50?
False
Does 6 divide 38834745?
False
Is 100 a factor of 20229000?
True
Does 3 divide 771560973?
True
Is 115222421 a multiple of 605?
False
Does 24 divide 20308563?
False
Is 24 a factor of 21908016?
True
Does 3159 divide 600026778?
True
Is 16 a factor of 143769511?
False
Does 537 divide 32430504?
True
Is 24717801 a multiple of 23?
True
Does 55 divide 5018352719?
False
Is 27552514 a multiple of 869?
True
Does 2511 divide 846501923?
False
Does 46 divide 83868258?
True
Is 111 a factor of 25517094?
False
Does 18 divide 46398312?
True
Is 15 a factor of 153684570?
True
Is 93 a factor of 4546398?
True
Is 1407284945 a multiple of 7?
False
Does 7 divide 110169521?
True
Is 202250820 a multiple of 3686?
True
Is 197634784 a multiple of 71?
False
Does 201 divide 1757570733?
True
Is 10 a factor of 53713580?
True
Is 23353171 a multiple of 7?
False
Is 141 a factor of 23985779?
False
Is 242 a factor of 518930522?
True
Is 17100597 a multiple of 44?
False
Is 3466938 a multiple of 45?
False
Is 17199441 a multiple of 7?
True
Is 33376349 a multiple of 216?
False
Does 5 divide 46001230?
True
Is 185 a factor of 37836180?
False
Is 32296450 a multiple of 7?
False
Is 101688745 a multiple of 14?
False
Is 34 a factor of 48689390?
False
Is 5041984 a multiple of 32?
True
Is 74 a factor of 202374432?
False
Is 5 a factor of 7524337?
False
Is 55735081 a multiple of 2338?
False
Is 88 a factor of 45712216?
True
Is 7945940716 a multiple of 131?
True
Does 150 divide 22936537?
False
Is 9 a factor of 23198206?
False
Does 74 divide 208465326?
True
Is 824846400 a multiple of 2940?
True
Is 376145016 a multiple of 280?
False
Is 38378651 a multiple of 2?
False
Is 714872033 a multiple of 25?
False
Does 379 divide 81864943?
False
Does 1215 divide 4129785?
True
Is 6706576897 a multiple of 2196?
False
Does 76 divide 123048332?
True
Is 418713200 a multiple of 4432?
True
Is 6 a factor of 805743142?
False
Is 146872128 a multiple of 2496?
True
Is 18988375 a multiple of 386?
False
Does 604 divide 210160268?
False
Is 233 a factor of 44214212?
False
Is 16 a factor of 1554759136?
True
Does 6391 divide 580579033?
False
Is 4 a factor of 23907424?
True
Is 5054732807 a multiple of 253?
False
Is 754274968 a multiple of 136?
False
Is 5866 a factor of 27575977?
False
Is 752 a factor of 25774800?
True
Is 13 a factor of 6768049338?
False
Does 27 divide 643074734?
False
Does 1403 divide 24480947?
True
Is 84555264 a multiple of 21?
False
Does 1597 divide 90365371?
False
Does 65 divide 209600300?
True
Is 75 a factor of 307579875?
True
Is 65 a factor of 170793155?
True
Is 1052661358 a multiple of 290?
False
Is 42 a factor of 852022290?
True
Is 171998546 a multiple of 12?
False
Does 1791 divide 52397496?
True
Does 289 divide 19947358?
True
Does 78 divide 111182501?
False
Is 1186 a factor of 172424238?
True
Is 1185475632 a multiple of 6644?
True
Does 87 divide 149224309?
False
Is 18763954 a multiple of 169?
False
Is 2663595274 a multiple of 91?
False
Is 12 a factor of 31967941?
False
Does 232 divide 3321544?
True
Does 7199 divide 4089900683?
False
Is 236 a factor of 75265354?
False
Does 10 divide 391231790?
True
Is 60 a factor of 337562220?
True
Is 104183576 a multiple of 56?
True
Is 183 a factor of 749768202?
True
Is 54 a factor of 131180067?
False
Does 8 divide 1794608?
True
Is 777 a factor of 227394718?
False
Does 72 divide 1128312?
True
Is 713717601 a multiple of 2798?
False
Does 432 divide 46676304?
True
Is 146 a factor of 7193712?
True
Does 13 divide 451821951?
False
Is 1883781558 a multiple of 414?
True
Is 195 a factor of 141904337?
False
Does 385 divide 24999205?
True
Is 8784455 a multiple of 5?
True
Is 26 a factor of 998504234?
True
Is 939 a factor of 218097774?
True
Does 1311 divide 45850914?
True
Is 16 a factor of 146023523?
False
Is 146 a factor of 27029418?
True
Is 10 a factor of 1177828?
False
Does 442 divide 1537432?
False
Is 1248 a factor of 19886880?
True
Is 86146409 a multiple of 21?
False
Is 54769973 a multiple of 30?
False
Does 33 divide 2620374341?
False
Does 4312 divide 313417720?
True
Is 131271971 a multiple of 15?
False
Does 229 divide 927151286?
False
Does 3543 divide 100798350?
True
Does 26 divide 211151849?
False
Does 3956 divide 106652916?
False
Is 198 a factor of 393319913?
False
Is 13445530 a multiple of 7?
True
Does 266 divide 35242872?
True
Does 160 divide 2733065?
False
Is 105 a factor of 13036695?
True
Is 254803232 a multiple of 1544?
True
Does 165 divide 63881083?
False
Is 48758431 a multiple of 2088?
False
Is 1446 a factor of 26469030?
True
Does 665 divide 144771165?
True
Is 1080063816 a multiple of 52?
True
Is 253862488 a multiple of 44?
True
Is 1322683735 a multiple of 4277?
False
Is 66335425 a multiple of 1127?
False
Is 2012760 a multiple of 9?
True
Is 25695870 a multiple of 2469?
False
Is 20257618 a multiple of 46?
True
Is 204 a factor of 468878088?
True
Is 946 a factor of 2639925574?
True
Does 559 divide 292538116?
True
Is 53 a factor of 58391?
False
Is 238 a factor of 78395318?
False
Is 310 a factor of 11185484?
False
Is 76799241 a multiple of 38?
False
Is 898851178 a multiple of 65?
False
Is 3198152196 a multiple of 10662?
True
Does 199 divide 84362468?
True
Is 94 a factor of 6669394?
True
Is 34 a factor of 1252100?
False
Is 41 a factor of 806402928?
False
Is 264547513 a multiple of 879?
False
Does 50 divide 75149150?
True
Is 1329747921 a multiple of 516?
False
Does 365 divide 2476029?
False
Is 154 a factor of 1129167270?
True
Is 803 a factor of 27860085?
True
Is 915295585 a multiple of 62?
False
Is 3982 a factor of 225864126?
False
Is 87870498 a multiple of 5?
